{"id":12,"date":"2020-09-18T16:04:14","date_gmt":"2020-09-18T14:04:14","guid":{"rendered":"https:\/\/shop.ofendiskont.at\/?post_type=product&#038;p=12"},"modified":"2024-02-22T12:58:57","modified_gmt":"2024-02-22T11:58:57","slug":"venere-8kw","status":"publish","type":"product","link":"https:\/\/shop.ofendiskont.at\/?product=venere-8kw","title":{"rendered":"Venere 8kw"},"content":{"rendered":"<p>In den Farben wei\u00df oder rot erh\u00e4ltlich. Podest in schwarz optional.<\/p>\n<p>F\u00fcr ca 220 m3 Raumvolumen<br \/>\n112kg Gewicht<br \/>\nRauchanschluss 80mm<br \/>\nPellettank 13 kg<br \/>\nMa\u00dfe (mm) Breite 900, Tiefe 320 und H\u00f6he 835<br \/>\nAnschluss Rauchrohr: hinten, oben und seitlich m\u00f6glich.<\/p>\n<p>Dieser Ofen hat eine lange Betriebsdauer, eine hochwertige Verbrennung und damit einen hohe Wirkungsgrad. Er w\u00e4rmt den Aufstellraum und l\u00e4sst sich bequem einstellen.<br \/>\n&#8211; Brenntopf aus Edelstahl, mit glatter Oberfl\u00e4che, damit weniger R\u00fcckst\u00e4nde im Topf bleiben<br \/>\n&#8211; Panoramascheibe mit Scheibensp\u00fclung<br \/>\n&#8211; Raumtemperatursonde, damit Sie die gew\u00fcnschte Temperatur halten k\u00f6nnen<br \/>\n&#8211; Automatische Reinigung des Brenntopfes durch regelm\u00e4\u00dfige Luftsp\u00fclung<br \/>\n&#8211; Gro\u00dfe Glasscheibe f\u00fcr bessere Sicht der Flamme<br \/>\n&#8211; WLAN-Modul optional erh\u00e4ltlich \u2013 damit k\u00f6nnen Sie Ihren Ofen \u00fcber das Internet steuern<br \/>\n&#8211; Herausziehbarer Aschekasten<br \/>\n&#8211; Timer programmierbar<br \/>\n&#8211; Stellf\u00fc\u00dfe an der Ger\u00e4tebasis f\u00fcr einfache Installation auch auf unebenen Fu\u00dfb\u00f6den<br \/>\n&#8211; Anschlussfertig!<\/p>\n","protected":false},"excerpt":{"rendered":"<p>Schmaler Pelletofen in einem ansprechenden Design. Gut aussehend, aber trotzdem eine hohe Leistung. <a href=\"https:\/\/shop.ofendiskont.at\/wp-content\/uploads\/2020\/09\/AC_schede_tecniche_2021_venere.pdf\" target=\"_blank\" rel=\"noopener\">Hier finden Sie das technische Datenblatt vom Venere<\/a> <a href=\"https:\/\/shop.ofendiskont.at\/?product=venere-8kw\">Weiterlesen <span class=\"meta-nav\">&rarr;<\/span><\/a><\/p>\n","protected":false},"featured_media":179,"template":"","meta":[],"product_brand":[],"product_cat":[16],"product_tag":[],"class_list":{"0":"post-12","1":"product","2":"type-product","3":"status-publish","4":"has-post-thumbnail","6":"product_cat-luftgefuehrte-pelletoefen","7":"pa_podest-mit-podest","8":"pa_podest-ohne-podest","10":"first","11":"instock","12":"sale","13":"shipping-taxable","14":"purchasable","15":"product-type-variable"},"_links":{"self":[{"href":"https:\/\/shop.ofendiskont.at\/index.php?rest_route=\/wp\/v2\/product\/12","targetHints":{"allow":["GET"]}}],"collection":[{"href":"https:\/\/shop.ofendiskont.at\/index.php?rest_route=\/wp\/v2\/product"}],"about":[{"href":"https:\/\/shop.ofendiskont.at\/index.php?rest_route=\/wp\/v2\/types\/product"}],"wp:featuredmedia":[{"embeddable":true,"href":"https:\/\/shop.ofendiskont.at\/index.php?rest_route=\/wp\/v2\/media\/179"}],"wp:attachment":[{"href":"https:\/\/shop.ofendiskont.at\/index.php?rest_route=%2Fwp%2Fv2%2Fmedia&parent=12"}],"wp:term":[{"taxonomy":"product_brand","embeddable":true,"href":"https:\/\/shop.ofendiskont.at\/index.php?rest_route=%2Fwp%2Fv2%2Fproduct_brand&post=12"},{"taxonomy":"product_cat","embeddable":true,"href":"https:\/\/shop.ofendiskont.at\/index.php?rest_route=%2Fwp%2Fv2%2Fproduct_cat&post=12"},{"taxonomy":"product_tag","embeddable":true,"href":"https:\/\/shop.ofendiskont.at\/index.php?rest_route=%2Fwp%2Fv2%2Fproduct_tag&post=12"}],"curies":[{"name":"wp","href":"https:\/\/api.w.org\/{rel}","templated":true}]}}